 x**2 + 34*x - 131. Calculate b(-36).
-59
Let i(u) = 2*u + 8. Give i(-4).
0
Let d(o) = -7*o + 14. Calculate d(8).
-42
Let v(y) = -y**2 + 29*y - 88. Calculate v(26).
-10
Let m(v) = -4*v + 5. Calculate m(5).
-15
Let y(t) = -3*t**2 + 15*t - 2. What is y(4)?
10
Let j(v) = 19*v**3 - 2*v**2 - 3*v - 2. Calculate j(-1).
-20
Let h(t) = t**3 + 16*t**2 + 16*t + 20. Determine h(-15).
5
Let v(z) = 81*z - 175. Give v(2).
-13
Let i(a) = a**3 + 10*a**2 - 14*a + 6. What is i(-11)?
39
Let f(i) = i**2 - 2*i + 2. Give f(1).
1
Let g(d) = -2*d**2 - 18*d - 2. Calculate g(-9).
-2
Let q(w) = 2*w**2 + 11*w + 11. Determine q(-5).
6
Let l(t) = 27*t - 11. What is l(-5)?
-146
Let r(g) = 11*g - 128. What is r(12)?
4
Let w(m) = -m**2 + 2*m - 3. Determine w(-5).
-38
Let v(f) = -f**3 + 3*f**2 + 3*f. Determine v(3).
9
Let j(x) = -x**3 - 11*x**2 + 39*x. Calculate j(3).
-9
Let t(d) = d**3 - 11*d**2 - 41*d - 24. What is t(14)?
-10
Let h(y) = 8*y**2 + y + 1. Calculate h(-1).
8
Let o(r) = -4*r**3 + 2*r**2 + 2*r + 1. Calculate o(-1).
5
Let y(t) = -2*t + 22. What is y(18)?
-14
Let w(r) = -8*r + 2. Determine w(-2).
18
Let n(d) = d**3 + d**2 - 3*d - 4. What is n(-1)?
-1
Let q(s) = -96*s**2 + s + 2. Determine q(-1).
-95
Let v(t) = 12*t**3 - 4*t**2 + 2. Calculate v(-1).
-14
Let i(w) = 146*w - 1170. What is i(8)?
-2
Let s(c) = c**2 - 10*c - 3. Determine s(13).
36
Let a(v) = -11*v**3 + 4*v**2 - 2*v + 1. Give a(1).
-8
Let c(x) = 5*x - 24. Determine c(7).
11
Let r(f) = -4*f**2 - 3*f - 6. Give r(-2).
-16
Let f(l) = 2*l - 12. Determine f(5).
-2
Let a(j) = -j**3 + 17*j**2 - 29*j - 20. Give a(15).
-5
Let a(t) = t**2 - 14*t + 44. Give a(7).
-5
Let v(p) = 3*p - 1. What is v(-1)?
-4
Let b(a) = 4*a - 10. What is b(7)?
18
Let j(t) = -3*t**3 + 29*t**2 + 8*t + 8. What is j(10)?
-12
Let v(h) = -h**2 + 6*h - 10. What is v(5)?
-5
Let g(v) = 6*v - 16. Determine g(5).
14
Let x(m) = -m**3 + 14*m**2 + 2*m. Determine x(14).
28
Let k(t) = t**2 - 15*t - 18. Calculate k(12).
-54
Let f(u) = -6*u - 268. Give f(-45).
2
Let q(o) = -o**3 - 4*o**2 - 2*o - 5. What is q(-4)?
3
Let n(m) = -m**2 - 4*m - 152. Determine n(0).
-152
Let u(l) = 5*l - 1. Determine u(1).
4
Let l(h) = 8*h + 183. Give l(-24).
-9
Let c(f) = -12*f + 5. Calculate c(1).
-7
Let z(b) = -3*b**3 + b**2 - b. Give z(-2).
30
Let n(h) = -h**2 + 4*h + 6. Calculate n(5).
1
Let t(x) = 2*x**3 + 16*x**2 - 3*x - 14. Give t(-8).
10
Let m(k) = -8*k**2 - 1. Determine m(1).
-9
Let x(n) = 2*n - 23. Calculate x(0).
-23
Let v(q) = 17*q - 81. Give v(5).
4
Let n(u) = u**2 + 22*u + 56. Give n(-18).
-16
Let p(o) = o**2 + 4*o + 6. What is p(-3)?
3
Let n(a) = -a**2 + 14*a + 46. Determine n(-3).
-5
Let i(a) = a**3 - a**2 + 6*a - 23. Give i(3).
13
Let p(w) = 2*w**2 - 40*w - 26. Give p(21).
16
Let p(y) = y**2 - 8*y - 11. Determine p(-2).
9
Let q(l) = l + 4. Determine q(-5).
-1
Let y(f) = -5*f - 256. Determine y(-51).
-1
Let k(j) = j**2 + 10*j - 3. Calculate k(-11).
8
Let y(f) = f**3 - 8*f**2 - 2*f + 6. Give y(7).
-57
Let u(q) = 3*q - 14. Calculate u(6).
4
Let h(i) = -i**2 + 11*i - 7. Determine h(7).
21
Let i(l) = -4*l**2 + 346*l + 178. What is i(87)?
4
Let c(i) = 16*i - 10. Give c(4).
54
Let b(i) = i**3 + 8*i**2 + 5*i. What is b(-7)?
14
Let d(r) = 2*r**2 + 7*r - 50. Calculate d(-7).
-1
Let b(u) = -16*u**3 + 2*u**2 - 1. Calculate b(-1).
17
Let g(t) = -t**3 - 11*t**2 + 16*t + 53. Calculate g(-12).
5
Let g(o) = -o - 7. Calculate g(-7).
0
Let x(r) = 2*r**2 + 12*r - 30. Determine x(-11).
80
Let v(y) = -y**3 - 4*y**2 - 2. Calculate v(0).
-2
Let g(t) = -3*t - 10. What is g(-10)?
20
Let i(p) = p**3 + 8*p**2 - 13*p - 16. Calculate i(-9).
20
Let m(h) = -3*h + 20. Give m(10).
-10
Let n(y) = -y**3 + 5*y**2 - 8*y - 5. Calculate n(4).
-21
Let u(r) = r**3 + 9*r**2 - 8*r + 21. Calculate u(-10).
1
Let n(z) = 2*z**3 - 21*z**2 - 14*z + 26. Give n(11).
-7
Let w(z) = -2*z**2 - 7*z - 1. Give w(-4).
-5
Let d(q) = -q**3 - 9*q**2 - 14*q - 44. Calculate d(-8).
4
Let d(p) = p**2 + 7*p - 6. Determine d(-8).
2
Let q(s) = s**2 - 13*s + 11. What is q(5)?
-29
Let k(o) = -o**3 - 11*o**2 - 7*o - 2. What is k(-10)?
-32
Let x(g) = -g**2 - 6*g + 59. Give x(-11).
4
Let z(p) = -3*p + 1. Calculate z(-2).
7
Let g(v) = -5*v**2 - 8*v - 6. Determine g(-2).
-10
Let v(n) = -n**3 + 6*n**2 + 8*n - 2. Calculate v(7).
5
Let i(z) = z**2 + 14*z + 2. Determine i(-14).
2
Let f(k) = -k**3 + 10*k**2 + 11*k - 9. Determine f(11).
-9
Let w(d) = d**2 + 10*d + 9. What is w(-9)?
0
Let t(v) = -4*v - 1. Determine t(7).
-29
Let p(m) = -m**2 - 12*m - 6. Give p(-5).
29
Let g(y) = -2*y - 4. Give g(-15).
26
Let t(q) = 19*q - 5. Determine t(2).
33
Let a(u) = u**3 + 11*u**2 - 16*u - 23. Calculate a(-11).
153
Let q(u) = -4*u - 61. What is q(-12)?
-13
Let p(a) = a**3 + 2*a**2 - 4*a - 1. Give p(-2).
7
Let n(y) = 3*y + 15. What is n(-5)?
0
Let b(n) = 8*n + 303. Determine b(-37).
7
Let k(w) = -8*w**2 - w + 3. Determine k(3).
-72
Let c(r) = -3*r**2 + 8*r + 10. Determine c(0).
10
Let t(j) = -10*j - 53. Give t(-4).
-13
Let n(g) = -g**2 + 5*g + 37. What is n(9)?
1
Let i(x) = 3*x + 19. Determine i(-9).
-8
Let b(g) = -16*g - 87. Give b(-6).
9
Let l(g) = 42*g - 82. Give l(2).
2
Let k(t) = 8*t**3 - 3*t**2 + 4*t - 3. Give k(1).
6
Let c(x) = -x**3 + 2*x**2 + 11*x + 3. What is c(-3)?
15
Let x(c) = -6*c**3 - 1. Give x(-1).
5
Let u(v) = -v**3 + 2*v**2 + 9*v - 14. Determine u(3).
4
Let o(v) = -v**2 + 14*v + 2. Determine o(8).
50
Let y(z) = -9*z**3 + 2*z**2 - 2*z + 1. Determine y(1).
-8
Let b(h) = 4*h - 9. What is b(-5)?
-29
Let a(s) = s**3 - 5*s**2 - 7*s + 5. What is a(6)?
-1
Let t(h) = h**3 + 2*h**2 + h - 3. Give t(0).
-3
Let p(b) = -2*b + 86. Give p(40).
6
Let z(n) = -n**2 + 4*n + 3. Determine z(5).
-2
Let a(z) = -9*z - 53. Give a(-5).
-8
Let y(n) = -n**2 - 1. Determine y(3).
-10
Let v(w) = -w**3 + 8*w**2 + 2*w - 6. What is v(8)?
10
Let u(l) = 11*l + 64. Determine u(-7).
-13
Let u(l) = -8*l - 22. Give u(-6).
26
Let g(b) = -12*b + 3. What is g(5)?
-57
Let n(i) = 5*i - 24. Determine n(9).
21
Let p(m) = -m**3 - 12*m**2 - 11*m - 2. What is p(-11)?
-2
Let c(v) = -12*v - 23. Calculate c(-4).
25
Let x(k) = 14*k + 48. Determine x(-2).
20
Let i(n) = n**2 - 32*n + 89. Calculate i(29).
2
Let f(h) = -4*h**2 + 13*h + 26. Give f(9).
-181
Let r(u) = 9*u**2 - 114*u - 32. Give r(13).
7
Let h(i) = -20*i + 22. Determine h(6).
-98
Let p(q) = q**2 - 3*q + 3. Calculate p(3).
3
Let h(z) = -z**2 + 10*z - 4. Determine h(7).
17
Let y(i) = -7*i - 2. What is y(-1)?
5
Let g(b) = 38*b**2 - b - 1. Calculate g(-1).
38
Let c(d) = -12*d - 529. Determine c(-45).
11
Let g(w) = w**2 - w - 11. What is g(5)?
9
Let q(f) = -31*f + 2. What is q(4)?
-122
Let w(x) = -x**3 - x + 24. Determine w(0).
24
Let a(i) = 20*i**3 - 2*i**2 + i + 2. Determine a(-1).
-21
Let p(j) = 2*j + 8. Calculate p(-5).
-2
Let i(g) = 12*g + 230. Determine i(-19).
2
Let c(r) = -r**2 + 3*r + 3. Give c(2).
5
Let q(n) = -n**2 + 18*n + 36. Calculate q(20).
-4
Let v(d) = -4*d**3 - d**2 + 3*d + 2. Calculate v(-2).
24
Let k(d) = 16*d**3 - 2*d**2 + 1. Calculate k(-1).
-17
Let o(z) = -z**3 + 28*z**2 + 29*z - 47. What is o(29)?
-47
Let j(r) = -2*r**2 - 21*r - 8. Determine j(-11).
-19
Let n(c) = -c + 14. What is n(22)?
-8
Let l(p) = p**2 + 10*p + 7. Give l(-11).
18
Let l(g) = 3*g**3 + 4*g**2 - 6*g - 7. Give l(-3).
-34
Let v(y) = y**3 + 25*y**2 + 28*y + 89. What is v(-24)?
-7
Let u(w) = -5*w + 11. Give u(2).
1
Let d(j) = -j + 19. Determine d(13).
6
Let x(p) = p**2 - 17*p - 28. Determine x(19).
10
Let c(w) = -w**3 - 12*w**2 - 14*w - 38. Calculate c(-11).
-5
Let n(z) = -3*z + 72. Determine n(24).
0
Let x(i) = -3*i**3 + 24*i**2 - 19. Give x(8).
-19
Let i(a) = a**3 + 8*a**2 - 7*a + 29. What is i(-9)?
11
Let o(l) = l**2 - 13*l - 2. Determine o(7).
-44
Let g(u) = -u**2 - 2*u - 6. Give g(-5).
-21
Let u(q) = -q**3 + 10*q**2 - 2*q + 2. What is u(10)?
-18
Let r(g) = g**3 + 2*g**2 + 4*g + 2. Give r(-2).
-6
Let t(i) = -i**2 + 13*i - 25. Determine t(11).
-3
Let q(u) = 2*u. What is q(5)?
10
Let n(g) = 5*g - 37. What is n(10)?
13
Let r(s) = -2*s**3 - 19*s**2 - 6*s + 26. Determine r(-9).
-1
Let f(j) = -6*j + 124. Give f(24).
-20
Let c(h) = -h**2 - 25*h + 1. Determine c(-25).
1
Let h(o) = -4*o + 70. Calculate h(14).
14
Let o(s) = 2*s**3 + s**2 - 6*s + 4. Determine o(3).
49
Let b(g) = 12*g + 60. Determine b(-5).
0
Let f(o) = -4*o**2 + 64*o - 112. What is f(14)?
0
